4 - 10*o - 11*o. Suppose -w = -5*j - 18, w + 2*j + 6 = -j. What is y(w)?
-5
Let k(y) = y**3 + 6*y**2 - 6*y - 6. Let s be ((-180)/(-24))/(3/4). Suppose -3*f + 5*f - 2*h - s = 0, h - 5 = 0. Let m = f + -17. Calculate k(m).
-13
Let y(i) = 2*i**3 - 6*i**2 + 11*i - 7. Let v be y(2). Let g(m) = -3*m**3 - 11*m**2 + 2 + v*m**2 + 8*m**2. Calculate g(3).
-43
Let v(s) = -3*s**2 + 9*s - 4. Let z(k) be the second derivative of -7*k**3/6 - 95*k**2/2 - 23*k + 1. Let g be z(-14). Determine v(g).
-4
Let v(o) = -o**3 - 20*o**2 - 2*o - 32. Suppose -5*y = -s - 74 + 39, -5*s + 5*y = 115. Calculate v(s).
8
Let p(n) = n**2 + 1. Let i(l) = 4*l**2 - 20*l - 23. Let g(d) = -i(d) + 3*p(d). Let h be 7/2*204/34. What is g(h)?
5
Let t = 4923 - 4923. Let d(c) = c**2 + c - 145. Give d(t).
-145
Let s(g) = 22 + 37*g - 97*g + 23*g + 40*g. Calculate s(-5).
7
Let v(p) = -36*p**2 + 5*p - 5. Suppose 8*t - 4*t = 3*o + 9, -o - 5*t = -16. Determine v(o).
-36
Let h be (3/(-2))/((-9)/(-24)). Let g(x) = -2*x + 42. Let d be g(-5). Let r(u) = -2 + 51*u - u**2 + 0 - d*u. Give r(h).
-14
Let n be (10 + (-30)/6 - 6/1)*-2. Let p(k) = -50*k + 1. Give p(n).
-99
Let p be (24/9)/2*3. Let x(y) = 4*y - 16*y - 6 - 5*y**2 - 8 + p*y**2. Give x(-10).
6
Let m(u) = -u**2 + 11*u - 11. Let l(d) = 3*d**2 - 54*d + 105. Let a be l(2). Give m(a).
7
Let w(g) = -g**2 - 55 - 1785*g**3 - 4*g - 2*g**2 + 1786*g**3 - 3*g**2. What is w(7)?
-34
Let j(o) = -247*o**3 - 4 - o + 246*o**3 + 2. Suppose 4*q + 7 = 3*k, -3*k = k - 4*q - 12. Let t be (6 - 1)/k + -3. Determine j(t).
8
Suppose 0 = -3*d + 5*h + 38, -5*d - 18*h + 13*h = -90. Let r(j) = j**3 - 16*j**2 - j - 11. Give r(d).
-27
Let g(q) = 8*q + 13. Let s(t) = -9*t - 38. Let c(h) = 11*h + 36. Let i(w) = 4*c(w) + 3*s(w). Let r(o) = 13*g(o) - 6*i(o). What is r(8)?
5
Let p = -155 + 155. Suppose p = 2*j + 5 + 5. Let z(a) = a**3 + 5*a**2 + 3*a + 6. Give z(j).
-9
Suppose -t - 10 = -3*t - o, t = -o + 5. Let a(h) = h**2 + 9*h + 26. Let b be a(-7). Let d(j) = 9*j**3 + 7*j + 4*j**3 - 6*j**2 - b*j**3. Determine d(t).
10
Let h(b) = -b**3 - 3*b**2 + 2*b. Let t be h(8). Let c be (4 - t/12)*3/2. Let r = c - 91. Let u(k) = 2*k - 1. Calculate u(r).
1
Let i(t) = 4*t**2 - t + 6. Let q be i(2). Suppose -5*m + 4*r - 5 = -q, m + 5*r - 3 = 0. Let l(k) = k**3 - 3*k**2 - k + 4. Determine l(m).
1
Let a(t) = 4*t + 1 - t**2 + 0 + 2*t. Suppose u + 4*i - 84 = -4*u, 51 = 3*u + 3*i. Suppose 3*j = 3*s - 33, 7*j = -4*s + 4*j + u. What is a(s)?
-6
Let r(q) = -q**2 - 6*q + 9. Let s(m) = 5*m + 5. Let o be s(4). Suppose 0 = w - 13*w - 396. Let k = w + o. Calculate r(k).
-7
Let p(f) = 4*f**2 - 7*f + 2. Let q(s) = -3*s**2 + 7*s - 2. Let h(w) = 2*p(w) + 3*q(w). Suppose 3*k = -3*r + 18, -2*k + 0*r - 5*r = -12. Give h(k).
4
Let i(p) = -p**3 - p**2 + 2*p + 3. Let g = -197 - -202. Suppose 5*w - 4*w + 4*s = 6, 2*w + g*s = 6. Determine i(w).
3
Let i(k) = k**2 + 11*k + 1. Let u be i(-7). Let r = -25 - u. Let l(t) = -10 - 9*t**3 - 9*t + 8*t**3 - 3*t**r - 5*t**2. What is l(-7)?
4
Suppose -4*m + 10*m + 55 + 11 = 0. Let y(b) = b**3 + 11*b**2 - 3*b - 34. Determine y(m).
-1
Suppose 65*i - 22*i + 600 = 13*i. Let n(f) = f + 1. What is n(i)?
-19
Suppose 20 = -513*l + 523*l. Let y(u) = -5*u**2 - 4*u - 26. Let b(d) = -d**2 - d - 6. Let m(c) = -9*b(c) + 2*y(c). What is m(l)?
0
Suppose 0 = 23*w - 29*w + 12. Let q(u) = -6*u - u**3 - 6*u**w - 5 + 9*u**2 - 10*u**2. Let m(a) = 6*a**3 + a**2 - 1. Let i be m(-1). Calculate q(i).
-5
Let j(s) = -s**3 + 17*s**2 + 18*s - 1. Suppose 714 + 510 = 68*g. What is j(g)?
-1
Let r(v) = -v**3 + 6*v**2 - 9*v + 8. Let l be r(3). Let t(n) be the first derivative of 10*n - 21 - 4*n**2 + 1/3*n**3. What is t(l)?
10
Let r(x) = x**2 - 6*x + 12. Let v = 9832 + -9826. Determine r(v).
12
Let m(i) = i**3 + 4*i**2 + 9*i + 3. Let t be 288/135 - 4/30. Let j(l) = -5*l**3 - 16*l**2 - 38*l - 12. Let a(q) = t*j(q) + 9*m(q). Determine a(5).
3
Suppose -2*n = -2*l - 4, 5*n - 2*l = 9*n - 14. Let z(k) = -2 - 2*k + 7*k**2 - 2*k**2 + 2*k**3 - 3*k**3. What is z(n)?
10
Let i(c) = -30 + 7 + 4 - 2*c - 25*c + 7*c**2 + 9. Let l(g) = 11*g**2 - 41*g - 15. Let a(q) = 8*i(q) - 5*l(q). Determine a(11).
-5
Let w(r) = 1615*r + 12917. Let x be w(-8). Let y(k) = 3*k**2 + 23*k + 41. Give y(x).
-1
Let m(n) = 2*n**2 + 3*n - 17. Suppose -430 = -5*d - 430. What is m(d)?
-17
Let z(g) = 26*g**3 - g**2 - g + 2. Let k be z(1). Let r(a) = -8*a + 9 + 11 - k - 2*a**2. Let l = 59 + -64. Determine r(l).
-16
Let k = 71 - 42. Suppose -31 + k = 2*n. Let u(j) = 35 - j**3 - 21 + 2*j - 15 - 4*j. Determine u(n).
2
Let y = 506 + -501. Let v(s) = -2 + 5*s - 1050*s**2 + 1049*s**2 + y. What is v(8)?
-21
Let v(o) = -o**3 + 4*o**2 - o + 6. Let c = 4295 + -4290. What is v(c)?
-24
Let h(v) = 5*v + 2. Let k(a) = -24*a + 117. Let z be k(5). Let c(d) = 4*d - 1. Let s(f) = z*c(f) + 2*h(f). What is s(-4)?
15
Let a(o) = -53*o - 325. Let b be a(-6). Let c(u) = 4 + 2*u**2 - u**2 + 3 - 4 + 5*u. Determine c(b).
17
Let n(p) be the first derivative of 8*p - 49 - 3/2*p**2. Give n(6).
-10
Let j(q) = q**3 - 12*q**2 + 14*q - 13. Let m = 5366 + -5354. Give j(m).
155
Let y(b) = -4*b**2 - 8*b - 7. Let p(q) = 7 - 12*q + 2*q + 5*q**2 - 8*q + 28*q. Let r(g) = -5*p(g) - 6*y(g). Give r(-5).
-8
Let p(r) be the third derivative of 13*r**8/20160 - r**7/5040 - r**5/30 - 13*r**3/2 - 70*r**2. Let d(s) be the third derivative of p(s). What is d(1)?
12
Let m(y) be the second derivative of y**7/2520 + y**6/360 + 17*y**4/4 - 77*y + 1. Let p(x) be the third derivative of m(x). Determine p(-3).
3
Let i = 2522 + -2510. Let g(y) be the first derivative of -y**4/4 + 11*y**3/3 + 13*y**2/2 - 16*y + 1. Let q be g(i). Let w(k) = -k - 3. What is w(q)?
1
Suppose 3*x - q = 17, -6*x - 4*q - 4 = -2*x. Let z = 148 + -145. Let n(u) = -10*u**z + 2*u + 1 - u - x*u**2 + 3*u**2. Calculate n(-1).
9
Let n be (-1 - -6) + -33 + 22. Suppose 8 = 4*f - 5*d, 3*f - d = 5*f - 4. Let g(k) = -k**3 + 16 - 22 + 0*k - 7*k - 7*k**f. What is g(n)?
0
Suppose w = -3*s + 7, 5*w - 20 + 2 = 2*s. Let i(f) = 5*f - 2*f + 0*f + w*f**2 - 5 - f**3 + 1. Give i(4).
8
Let z(x) = x**3 - 5*x**2 - 5. Let t be 5/1 - (-12 - -17). Let o be (-2)/3*27/(-6). Suppose -2*s - o*v = -19, -2*v + 16 = 2*s - t*v. Calculate z(s).
-5
Suppose 123*u - 142 = 104. Let h(a) = a**3 - 6*a**2 + 9. What is h(u)?
-7
Let p(t) be the first derivative of -1/4*t**4 - 11/3*t**3 + 83 + 11*t - 9/2*t**2. Give p(-10).
1
Suppose 0 = -20*b + 36 + 24. Let w(o) = -284*o + o**b + 285*o - 6*o**2 + 4*o**2. Suppose -3*y + 2 = -4. What is w(y)?
2
Let s(b) = -b - 104. Let x(a) = a - 104. Let g(y) = 7*s(y) - 8*x(y). Calculate g(6).
14
Let r(a) = -7*a + 127. Let k be r(19). Let m be ((-7)/2)/(2/(k - -10)). Let i(j) = -4*j - 9. Determine i(m).
19
Let h(s) = -47*s**2 + 19*s + 19. Let f(m) = 6*m**2 + m - 2. Let x(d) = -8*f(d) - h(d). What is x(-11)?
173
Let y(q) = 12*q**2 - q. Let a(j) = 23*j**2 - 5*j + 5. Let h(m) = -a(m) + 2*y(m). Give h(5).
35
Let b be 2 + (4 - 4) + -2 + 2. Let y(v) be the first derivative of -7*v + 7 - 1/2*v**b. What is y(5)?
-12
Let t(b) = -b**3 - 4*b**2 + 78*b + 20. Let o = 27897 + -27908. Calculate t(o).
9
Let p(v) be the second derivative of v**5/60 - 5*v**4/24 + 3*v**3/2 + 22*v**2 - 3*v - 7. Let f(s) be the first derivative of p(s). Give f(6).
15
Let w = -48 + 53. Let u(a) = -4*a + 2 - 8 + 3*a + 2*a. Let d be u(w). Let m(r) = -4*r**2 + r + 1. What is m(d)?
-4
Let d(f) = -6*f + 38. Let n be (-36)/(-126)*(-21)/(-6). Let j(o) = o - 5. Let b(v) = n*d(v) + 4*j(v). Calculate b(11).
-4
Suppose -y = -0*y. Let d(s) = -3*s**2 - s**3 - 6*s**2 + 34900 - 34917 + 12*s**2 + s - 3*s**2. Calculate d(y).
-17
Let s(a) = -11*a - 43. Let z(u) = 12*u - 2. Let v(w) = s(w) + z(w). Calculate v(18).
-27
Let v(i) = -6*i - 2. Let u be v(11). Let d = u - -71. Let l(n) = -d - 3 + n - 10 - 4. Give l(14).
-6
Suppose a - 23 = -0*a - 5*k, 0 = -4*a - 5*k + 167. Suppose 0 = -5*r - 3*g + a, -g + 5 = 4*g. Let c(n) = 4*n - n + 1 - 2*n - 2 + r*n**2. Give c(1).
9
Let c(z) be the first derivative of z**5/20 - 5*z**4/12 - 7*z**3/6 + 7*z**2/2 - 196*z + 66. Let w(m) be the first derivative of c(m). Let v = -3 + 9. Give w(v).
1
Suppose 3*u + 5*q - 10 = 0, 4*u + 3 = 4*q - 5. Suppose u = -33*l + 25*l. Let g(i) = -i**3 + 7. Calculate g(l).
7
Let b(r) = r + 2. Let g = -899 - -904. Let m(d) = -9*d + 41. Let v be m(g). Calcul